1
Suppose 5*t - 50078 = -a, -3*t + 93*a + 30048 = 94*a. List the prime factors of t.
5, 2003
Let b(g) = 11*g + 6. Let u(a) = -5. Let m(i) = 3. Let w(d) = -7*m(d) - 4*u(d). Let j(t) = -b(t) - 2*w(t). What are the prime factors of j(-3)?
29
What are the prime factors of ((-5 - 3) + 119/14)*63764?
2, 19, 839
Suppose -3*o + 6 = 2*d - 13, 0 = -2*d - 2. Let l(f) = 95*f**3 - f**2 - f. Let b be l(1). Suppose o*n - 4*n - b = 0. List the prime factors of n.
31
Suppose 1164*z - 1157*z = 63. What are the prime factors of 1514 - (7 - -11)/z?
2, 3, 7
Let g = -11610 - -12259. What are the prime factors of g?
11, 59
Let z be 6/(2 + -5) + 1. What are the prime factors of (-5 - (z + -1))*-13 + -1?
2, 19
Let g(i) = -i**2 + 5*i - 11. Let r be g(5). Let l = -2 + r. Let m = 36 + l. What are the prime factors of m?
23
Let v(z) = 36 - 8*z - z**3 + z**2 + 9*z**2 - 42. Let c be v(9). List the prime factors of (-2 - c/9)/((-1)/18).
2, 3, 7
Let r(s) = -s**3 + 19*s**2 - 24*s - 28. Suppose d = 3*h - 46, -3*h = 4*d + 9 - 65. What are the prime factors of r(h)?
2, 89
Let z(u) = -4*u + 20. Let b be z(5). Suppose 2*x = c + 85, 358 = -b*c - 4*c - x. Let k = c - -99. List the prime factors of k.
2, 5
Let j = -50 - -51. Let x be -3*-1*(j + -3 - -3). Suppose -x*y = 2*i - 3*i + 85, -4*i + 285 = -y. List the prime factors of i.
2, 5, 7
List the prime factors of (-2)/(-16) + 488180/352.
19, 73
Let h = -759 + 471. Let n = h + 307. List the prime factors of n.
19
Let h = -139 + 147. Suppose 787 = h*j - 269. What are the prime factors of j?
2, 3, 11
Suppose -21690 - 4388 = -118*o. List the prime factors of o.
13, 17
Let j = 192 - 198. What are the prime factors of -4*j/(-96) - 2698/(-8)?
337
Suppose 2 = 9*w - 25. Suppose 0 = w*t - 10*t. Suppose -z = -4, l = -t*l - z + 49. What are the prime factors of l?
3, 5
Let s = -188 + -1119. What are the prime factors of 7/21 - s/3?
2, 109
Let i = -73 - -311. Suppose -a = -4*v - v + i, 1270 = -5*a + 5*v. Let x = a + 400. List the prime factors of x.
2, 71
Suppose 0 = -45*m + 42*m - 936. Let f be 4/26 - 223032/m. Suppose -4*k - 7*k = -f. What are the prime factors of k?
5, 13
Let v = 256 + -166. What are the prime factors of (9/27)/(2/v)?
3, 5
Suppose 5*l + 416 = t, -3*t = 4*l + t + 352. Let d = l + 81. List the prime factors of 9*(d + (-195)/(-9)).
2, 3, 7
Suppose j - 2*q - 4 = 0, 2*q - 1 + 5 = 2*j. Let z = -33 - -36. Suppose -z*n + 3*r + 228 = 0, j = 3*n + 4*r - 9*r - 220. What are the prime factors of n?
2, 5
Suppose -83650 - 85148 = -38*d + 741644. List the prime factors of d.
13, 19, 97
Let y be -1 - (-2681 - (-15 - -6)). Suppose 0 = 12*j - 21211 + y. List the prime factors of j.
3, 5, 103
Let q(y) = -21*y**2 + y - 15. Let s be q(-3). Let p = 111 - s. What are the prime factors of p?
2, 3, 53
Suppose -47*r = 25*r + 34*r - 355736. List the prime factors of r.
2, 839
Suppose 3739 = -5*b + 5*l + 39814, 12 = -4*l. What are the prime factors of b?
2, 3, 601
Let m = 515 + 181. Suppose 4*j = -2*o - 2*o + m, 5*j + 2*o = 861. List the prime factors of j.
3, 19
Suppose 36*k - 28*k = 352. Suppose -m + 79 = 2*v, m - v = 4*v + k. List the prime factors of m.
3, 23
Suppose -1164 = 9*n - 3*n. Let d = -435 - n. Let y = 341 + d. What are the prime factors of y?
2, 5
Suppose -14452 = 8*d - 90116. List the prime factors of d.
2, 4729
Suppose f - 1050 - 5679 = -3*b, 2*f - 13446 = -2*b. List the prime factors of f.
2, 3, 5, 7
Let w = -22462 + 48211. What are the prime factors of w?
3, 2861
Let h(u) = -2588*u**3 - 7*u**2 + 9*u + 16. List the prime factors of h(-1).
2, 647
Let r(v) = -2*v - 5. Let t be r(-14). Suppose -5*x - n = -19 + 45, 4*x = -n - 20. Let m = t + x. What are the prime factors of m?
17
Suppose -10090 = 10*f - 15*f. Suppose 3*y - 2104 - f = -3*w, -5*y - 4*w = -6872. List the prime factors of y.
2, 43
Suppose -9*u - 260 = 1072. Let w = u + 729. List the prime factors of w.
7, 83
Let i(y) = 19*y**2 + 26*y + 15*y - 5*y**3 - 12 - 11. Let x(k) = 3*k**3 - 13*k**2 - 27*k + 15. Let v(a) = 5*i(a) + 8*x(a). What are the prime factors of v(-9)?
2, 13
Let c(v) = 180*v - 13. Let d(y) = 466*y - 46. Let p(u) = -93*u + 9. Let k(g) = 2*d(g) + 11*p(g). Let q(j) = -2*c(j) - 5*k(j). List the prime factors of q(2).
181
Let p be 6*((-2)/4)/(21/(-574)). Let i = -61 + p. Suppose 135 = 4*n - 3*u, n - 14 - i = 2*u. What are the prime factors of n?
3, 11
Let n = -128291 - -182209. List the prime factors of n.
2, 26959
Suppose 5*f = -2*u + 7884 + 18460, -5*f + u = -26338. List the prime factors of f.
2, 3, 439
Suppose -30*a + 1673 = -4627. Suppose 675 = o - a. What are the prime factors of o?
3, 5, 59
Let k(f) = -f**3 - 8*f**2 - 11*f - 18. Let d be k(-6). Let x be (d/(-20))/((-1)/(-5)). Suppose -g + x = -61. List the prime factors of g.
67
Let y be 13/2 - 15/(-10). Suppose 13*n = y*n - 140. Let u = 90 + n. List the prime factors of u.
2, 31
Suppose u + 2*o + 2*o - 21 = 0, 2*u - 2*o - 2 = 0. Let y be (108/(-8))/(u/(-20)). Suppose -x = v + 3*v - 72, 3*v = x + y. What are the prime factors of v?
2, 3
Let w(c) = -220*c**3 - c**2 - 3*c - 2. Let t be w(-1). Suppose -3*g = q - 63, 5*q - 3*g - g = t. Let u = q - 36. List the prime factors of u.
2, 3
Let a = 73 - 71. Suppose -d + v = -15, -3*v - a*v = -3*d + 51. Suppose -4*s + d = -144. What are the prime factors of s?
3, 13
Suppose -24 = c + 4*t, 4*c + 4*t = -t - 41. Let s = c - -15. Let m = 37 - s. List the prime factors of m.
2, 13
Let m(z) = -685*z + 742. What are the prime factors of m(-27)?
19237
Let u be -41 - (-8)/16*4. Let g = u - -1052. What are the prime factors of g?
1013
List the prime factors of 1092/(-196) + (-8)/(-14) + 1135.
2, 5, 113
Suppose 32*u = -16*u + 310176. What are the prime factors of u?
2, 3, 359
Let u(t) = 16*t + 11 - 4 + 0*t**3 - 13*t**2 + 5*t**3 - 3*t**3. What are the prime factors of u(8)?
3, 109
Let v(b) = -83*b - 219. Let a be v(-8). Let q = a - 28. List the prime factors of q.
3, 139
Let s = -12918 - -19030. What are the prime factors of s?
2, 191
Let o = -64902 - -117868. List the prime factors of o.
2, 71, 373
What are the prime factors of 61696/2 + (-802 - -803)?
3, 7, 13, 113
Let w = -22 + 30. Suppose 96 = w*n + 24. List the prime factors of (-2)/(-3) - (-723)/n.
3
Suppose -9*o + 16 = -10*o - 4*v, 8 = 5*o - 2*v. Suppose 44*z - 13*z - 7006 = o. List the prime factors of z.
2, 113
Let j(s) = -s**3 + 6*s**2 - 3*s + 5559. What are the prime factors of j(0)?
3, 17, 109
Let f(v) be the third derivative of -17*v**4/24 + v**3/3 + 16*v**2. List the prime factors of f(-17).
3, 97
Suppose 0 = -4*t - c + 12445, 0 = 2*t + 5*c + 708 - 6917. List the prime factors of t.
2, 389
Let y = -32382 + 66669. What are the prime factors of y?
3, 11, 1039
Let q(t) = -26 - t + 0*t - 4*t**2 + 3*t. Let b(i) = 2*i**2 - i + 13. Let f(o) = 9*b(o) + 4*q(o). List the prime factors of f(-4).
7
Let z(n) = 61*n**2 + 324*n + 20. List the prime factors of z(9).
7877
List the prime factors of (10507 + 37)/(0 + 2).
2, 659
Suppose -b = -0*b + b. Let w = 0 + b. Let c(n) = 3*n + 38. List the prime factors of c(w).
2, 19
Suppose 119846 + 618452 = 37*l. List the prime factors of l.
2, 11, 907
List the prime factors of ((-228111)/(-26) + -9)*6.
3, 5843
Suppose 11*u + 15320 = 24092 + 18409. List the prime factors of u.
7, 353
Let u(j) = -9*j**3 - 19*j**2 - j - 27. List the prime factors of u(-10).
3, 787
Let v(c) be the third derivative of 1/60*c**5 + 0*c - 3*c**2 + 0*c**4 - 6*c**3 + 0. List the prime factors of v(15).
3, 7
Suppose 3*i = 26*f - 29*f + 7005, 0 = -4*i - 3*f + 9341. List the prime factors of i.
2, 73
Let b = -90 + 70. Let u be ((-10)/(-4))/(5/b). Let s = 53 + u. List the prime factors of s.
43
Suppose 3*a = -5*a + 40. Suppose -a*l + 39 = 2*j - 821, 3*j = l - 172. Let y = l + -46. What are the prime factors of y?
2, 3, 7
Suppose -z - 2*z = -141. Let x = -45 + z. What are the prime factors of x + (-1412)/(-14) + 7/49?
103
What are the prime factors of (450/(-20))/(3/(-162))?
3, 5
Suppose -5*m + 35010 - 10206 = 4*v, 0 = 3*m - 2*v - 14878. List the prime factors of m.
2, 5, 31
Let n = -35 + 37. Suppose 4*m - n*t - 1308 = 0, 4*m - 1304 = -0*m + t. List the prime factors of m.
5, 13
Let g be (-3500)/(-84) + (-1)/(-3). Let w = g + -38. Suppose -w*k - 4*u = -888, -k = -7*u + 2*u - 234. What are the prime factors of k?
2, 7
Suppose 16